r(h) = 3*h**2 + 12*h + 16. Let f be r(-7). Let q = -28 + f. Calculate the greatest common factor of q and 85.
17
Suppose 11*y - 7*y = 2*d + 10, -5*y + 23 = d. Suppose 2*b - 3*b = -y*a + 145, a - 25 = -2*b. What is the greatest common divisor of a and 91?
7
Let l be (-2)/3 + 52/(-39). Let p be 0 + (4 - 10/l). Let y(v) = -11*v - 160. Let h be y(-17). What is the highest common divisor of h and p?
9
Suppose 0 = -4*l - 2*r - 2050, l - 5*r + 464 + 21 = 0. Let c = l - -618. Calculate the greatest common divisor of c and 12.
12
Let h(u) = 7*u**2 - 19*u - 2. Let o be h(2). Let g be 527 + -3*4/o. Calculate the highest common factor of 33 and g.
33
Let y be (2000/12)/((-3)/(-7)*(-18)/(-567)). What is the greatest common factor of y and 50?
50
Suppose -1470 + 20318 = 19*j. What is the greatest common divisor of 256 and j?
32
Let s be -2 + -1 + (2 - -4 - -4). Suppose 0 = 23*c - s*c - 624. Calculate the greatest common factor of 182 and c.
13
Let i be 5/(-35)*7 + 141. What is the highest common divisor of 260 and i?
20
Suppose -5*p - 4*t = -166, -106 = -4*p - 5*t + 25. Let q be (3 - -3)*(3 - p*-1). Calculate the highest common divisor of q and 6.
6
Let q be 0*1/3*2/(-4). Let l be (8288/40 - (-2)/(-10)) + q. Let x = -42 + l. Calculate the highest common factor of x and 66.
33
Let r = 298 + -280. Suppose 4*b + r + 197 = 5*a, 3*a = -2*b + 151. What is the highest common divisor of 799 and a?
47
Suppose 0 = -2*n - 3*d + 90, d - 174 - 6 = -4*n. What is the greatest common divisor of n and 153?
9
Let t(v) = v**3 - 10*v**2 + 28*v - 72. Let c be t(8). Calculate the highest common divisor of c and 1384.
8
Let j = 283 + -125. Let z = j + 142. Calculate the greatest common divisor of 25 and z.
25
Let y = 302 - 298. Suppose -4*w + y*p + 109 = -231, -4*p + 452 = 5*w. Calculate the greatest common factor of 22 and w.
22
Suppose 4*o - 78045 = -5*i + 6549, 4*i - 84600 = -4*o. Calculate the highest common factor of 387 and o.
129
Let n = 2301 - 2132. What is the highest common factor of 91 and n?
13
Let l(p) = -3*p**2 - 55*p + 52. Let n be l(-11). Calculate the greatest common divisor of 6 and n.
6
Suppose 0 = -3*i + 2*w + 221 + 35, -i + 78 = 3*w. Suppose -3*a + 0*a = -126. What is the highest common divisor of a and i?
42
Suppose 30*x = -4*b + 31*x + 3464, -2*b + 1754 = 5*x. Calculate the greatest common divisor of b and 357.
51
Suppose 3*k + 2*a = 47 + 11, 4*k = -a + 69. Calculate the greatest common divisor of k and 5072.
16
Suppose 22*d - 29*d = -98. Let r be 4/(d/441 + 0). Calculate the highest common factor of 28 and r.
14
Let k be (6/15)/((-4)/(-10)). Suppose -4*m + 21 - k = 0. Let y = -102 - -122. Calculate the greatest common factor of y and m.
5
Suppose -1 = -w, -2*w + 21 = 4*n + 3*w. Suppose -n*t - 38 = -106. Calculate the greatest common factor of t and 629.
17
Suppose -5*j + 7 = 2*l, 6*j - 2*j = -3*l + 7. Suppose -4*g + 3*y = -j, -y = -4*g + 4 - 1. What is the greatest common factor of g and 1?
1
Suppose -5*c - 9 + 29 = 0. Suppose 0 = 3*d + 5*s - 3160, -2*s + c = -3*s. Suppose -668 = -8*f + d. Calculate the highest common factor of f and 24.
24
Let g be 18*(5 + (-16)/4). Let w be 25/6 - 3/g. Let t be -1 + -4*(-10)/w. What is the highest common divisor of t and 63?
9
Let s(i) = 47*i + 620. Let z be s(-12). Calculate the highest common divisor of z and 2604.
28
Let n(u) = -6*u - 6*u - u - 20 + 7*u. Let s be n(-4). Suppose s*k - 125 = 163. Calculate the greatest common divisor of k and 8.
8
Suppose 24 - 38 = -2*x. Suppose 3*v = -x*v + 140. Calculate the highest common factor of v and 154.
14
Let p(v) = v**2 - 6*v - 12. Suppose 8*l = 3*l + 40. Let k be p(l). What is the greatest common factor of 5 and k?
1
Let c = 25099 + -25078. What is the highest common divisor of 2247 and c?
21
Suppose 3*c - 28 = -4*i, 2 = -2*c - 3*i + 19. Let m = c - -8. Suppose 0 = 7*z - 2*z - 2*l - 26, 5*z = 5*l + 20. Calculate the greatest common factor of z and m.
6
Let u(q) = 6*q**2 - 91*q + 420. Let b be u(6). Let z = 18 - 6. Calculate the greatest common factor of b and z.
6
Let c be 2*2/(-12) - 784/(-48). Let u be c/56 + ((-288)/(-21) - -1). What is the highest common divisor of u and 345?
15
Suppose -4*f = -2*k - 16, -f = -3*k - 5 + 1. Suppose 9*j = f*j + 30. Let w be (2/j)/(5/(550 - -5)). What is the highest common divisor of w and 259?
37
Let j(b) = -b**2 + 11*b + 30. Let c be j(6). Suppose -3*l - c = 3*v - 357, 25 = -5*l. What is the greatest common factor of 130 and v?
26
Suppose -2*n + 148 = 4*g + 2*n, -2*g - 5*n + 68 = 0. Let r = 48 - g. Suppose -r*v + 190 = -4*v. What is the highest common factor of 19 and v?
19
Suppose -4*g + 4 = 0, -26 = -5*d - 0*d + 4*g. Let t be (-2 + (-12)/(-8))*-10. Suppose -d*o + 12 = -t*o. What is the greatest common divisor of 36 and o?
12
Let d(z) = -3*z**2 + 4*z**2 + 1002 - 1010 - 7*z. Let g be d(-3). What is the highest common divisor of g and 2?
2
Let m = 328 + -174. Let l = m + -152. What is the highest common divisor of 6 and l?
2
Let u be (-12)/(-16) + 169735/332. Calculate the greatest common divisor of 432 and u.
16
Suppose -2*z + 76 = 20. Suppose 2*i - 46 = -7*v, 5*v + 55 = 5*i - 150. Suppose -4*n + i + 747 = 0. Calculate the greatest common divisor of z and n.
28
Let o = 75 + -12. Let m(f) = -f**2 + 15*f + 6. Let n be m(15). Suppose 2*b - 3 = 3*w - 18, 0 = 2*b - n. What is the highest common factor of w and o?
7
Suppose 90*s - 7952 = 58. Calculate the greatest common factor of s and 36045.
89
Let i(z) = 13*z - 138. Let t be i(13). Suppose 35*c - 88 = t*c. What is the greatest common factor of 1 and c?
1
Suppose 61 = -8*f + 9*f. Let h be f + (4/(-5))/(4/(-10)). Suppose -4*a + 25 + h = 0. Calculate the highest common divisor of 176 and a.
22
Suppose -35*a + 29*a = 312. Let z be (-17)/34*a/(4/2). Let q be ((-182)/(-6))/((-2)/(-6)). What is the highest common factor of z and q?
13
Let c = 19417 - 19378. Calculate the highest common divisor of c and 29016.
39
Let o(s) = s**3 - 15*s**2 - 14*s - 30. Let g be o(16). Suppose 2*i = -3*t + 188, 4*t + 508 = 5*i + g*t. What is the highest common divisor of 50 and i?
50
Let q = 1934 + -1925. Suppose 4*i - 4*c - 312 = 0, -3*i + 5*c = 3*c - 236. Let o = i - -19. What is the highest common factor of o and q?
9
Suppose 5*i + 24279 = 4*c, -49*i + 46*i + 24255 = 4*c. Calculate the highest common divisor of 36 and c.
18
Let y(z) = -52*z - 1274. Let p be y(-38). Calculate the greatest common factor of 108 and p.
54
Let a be 30/9*(-89622)/(-130). What is the highest common divisor of a and 6?
6
Let q be 3 + (1 - (-2382)/((-6)/36*-3)). Calculate the highest common divisor of q and 32.
32
Let o(a) = -a**3 + 10*a**2 - 18*a + 6. Let l be o(2). What is the highest common factor of 49 and l?
1
Let v(k) = k**2 - 77*k - 2051. Let i be v(98). Suppose 2*g + 476 = 6*g. Calculate the greatest common factor of g and i.
7
Let s = 196 + -528. Let g = s + 502. Calculate the greatest common divisor of g and 10.
10
Let m(p) = 13*p**2 + 6*p - 36. Let x(t) = -8*t - 4. Let v be x(-1). Let n be m(v). What is the highest common divisor of 28 and n?
28
Suppose -3*w - 30 + 29 = -2*s, -5*s = -2*w - 19. Suppose 966 = w*f - 2364. Calculate the highest common factor of 30 and f.
30
Let h be (-18)/(-72) + (-78)/(-8). Let j = -100 - -110. Calculate the greatest common divisor of j and h.
10
Let s be (-4424)/(-35) + 3/((-45)/6). Let n = s - 107. Calculate the greatest common divisor of 95 and n.
19
Suppose -3*c = 5*k + 51 - 178, 4*c + 53 = 3*k. Let l = 92 + -90. Let y be -1 - ((-3)/l)/(6/464). Calculate the greatest common divisor of k and y.
23
Suppose -2*b + 11 = 4*u + 3, 0 = 3*b - 5*u - 45. What is the highest common divisor of b and 1630?
10
Let g = 424 + -184. Suppose -6*v = -v - g. Suppose -16*f + 8*f + 96 = 0. What is the greatest common divisor of v and f?
12
Let s be (-656)/(-30) + 32/240. Let m = -8253 + 8407. What is the greatest common divisor of s and m?
22
Let p = 13325 - 13304. What is the highest common factor of p and 6?
3
Suppose -2*m + m + 4 = 0. Suppose 2*q - 3 + 5 = h, 0 = 2*q - 4. Suppose -143 - 73 = -h*u. What is the highest common divisor of m and u?
4
Suppose -3*q = -2*p + 1423, 4*p + 73*q = 71*q + 2774. What is the greatest common divisor of p and 3141?
349
Let x = -13087 + 13103. Let i = -8 - -11. Suppose -h + w 